 be l(6). Suppose p = -4*m + 11*m. Calculate the highest common factor of 396 and m.
36
Let y(j) = -j**2 + 20*j + 248. Let h be y(28). Calculate the highest common divisor of 1140 and h.
12
Let s(n) = 13*n**3 - 15*n**2 - 4*n. Let l be s(3). What is the greatest common divisor of 51 and l?
51
Let l = -273 - -286. Calculate the greatest common factor of 455 and l.
13
Let t(c) = -c**2 - 4*c + 4. Let y be t(7). Let g be (-2)/1 - (y + 2). Suppose 10*b = 418 + 42. What is the greatest common factor of g and b?
23
Let r = 42 - 9. Calculate the greatest common factor of 165 and r.
33
Let b be 2/(-2) - (-1 + -2). Suppose 3*u - 45 = -5*a + b*a, 3*u = -4*a + 40. Calculate the greatest common divisor of u and 20.
20
Let p = -10 - -13. Suppose p*i = 2*n - 55, -4*n - 11 = i - 128. Calculate the highest common divisor of 261 and n.
29
Suppose -2375 = -p - 3*p + j, -2*j = -5*p + 2965. Calculate the highest common divisor of 255 and p.
85
Let r = -3 + 5. Suppose 0 = -2*g - r*g, -g - 68 = -2*o. Let b be 36/15*1785/14. What is the greatest common factor of o and b?
34
Let b = 12 + -64. Let p = b + 69. Calculate the greatest common divisor of p and 17.
17
Let r = 542 + -214. Calculate the highest common divisor of r and 41.
41
Suppose 3*p - 5 - 4 = 0. Let o be 4 + p/24*4*4. What is the highest common divisor of 54 and o?
6
Let n(u) = u**3 + 8*u**2 + 10*u - 6. Let w be n(-6). Let o be 196/8*(-4 + w). What is the highest common divisor of 245 and o?
49
Suppose -2*q + 225 + 85 = 0. Calculate the highest common divisor of 5 and q.
5
Let s(k) = k**2 - 4*k - 360. Let p be s(-20). What is the greatest common divisor of 156 and p?
12
Suppose 560 = -11*g + 46*g. What is the highest common divisor of g and 152?
8
Let y(o) = -o**2 - 5*o + 8. Let x be y(-6). Suppose -32 = -4*r - 5*c, -x*c = -5*r + 3*r - 2. Let n = -18 + 19. Calculate the highest common divisor of n and r.
1
Let q = -408 - -275. Let g = 197 + q. What is the greatest common divisor of 16 and g?
16
Suppose 0 = 3*d - 1 - 8. Suppose d*l - 13 + 4 = 0. Suppose 3*i = l*t + 99, -3 = 2*t + 3. What is the greatest common factor of 6 and i?
6
Let y = -28 + 30. Let l(b) = 4*b + 4. Let f be l(y). Calculate the greatest common factor of f and 108.
12
Suppose -315 = -20*h + 13*h. Calculate the greatest common divisor of 1 and h.
1
Suppose 3*p - 3 = 0, 4*z - 2*p = 5*z + 18. Let u(h) = -h + 50. Let t be u(z). Calculate the highest common divisor of 20 and t.
10
Let r be (1 - (-45)/(-35)) + 7510/70. What is the greatest common divisor of r and 214?
107
Let d be 6/(-2) + 3 + 94. Suppose -o - 340 = -d. Let j = -81 - o. What is the greatest common divisor of 15 and j?
15
Let w(r) = r**3 - 21*r**2 + 22*r - 36. Let y be w(20). Calculate the highest common factor of y and 28.
4
Let g(l) = 2*l**3 - 10*l**2 - 5*l + 29. Let k be g(9). Let o be 8/(-84) - k/(-21). What is the highest common divisor of 60 and o?
30
Suppose -892 = -3*t - 4*m, 3*t = -2*t + 5*m + 1510. Calculate the greatest common divisor of t and 12.
12
Let b = -675 + 855. Calculate the greatest common divisor of b and 100.
20
Let h = -91 + -52. Let w be (-264)/h + 4/26. Calculate the greatest common divisor of w and 6.
2
Suppose -9*f + 21 = 3. Let l(j) = 5*j**3 + j**2 - 4*j + 6. Let a be l(f). What is the greatest common factor of a and 6?
6
Let m be (36/(-15))/(1/(-160)). Let d be m/(-16)*(1 + -2). What is the highest common factor of d and 36?
12
Let n = 961 + -859. What is the highest common factor of n and 1938?
102
Let y = 8 + -6. Suppose -m - 2 = -y*m. Let d be 2/6 + -6 + 224/21. Calculate the highest common divisor of m and d.
1
Let c = 56 + -48. Calculate the highest common divisor of 172 and c.
4
Suppose -2*h - 306 = -4*h. Let x = -90 - -92. Let w be (x - (-18)/8)/(25/100). What is the highest common divisor of h and w?
17
Suppose -3*t - 323 = -6*i + 2*i, 0 = -4*i + 4*t + 328. Let f be ((-2)/(-6))/((-10)/(-420)). What is the greatest common divisor of i and f?
7
Suppose -s - 4*l - 31 = 0, -4*l + 0 = -2*s - 2. Let z = s - -15. Let b = z - -10. What is the greatest common divisor of 14 and b?
14
Let b be -1 + 0 + (-5 - -1 - -37). What is the greatest common factor of 224 and b?
32
Let i = 71 - 57. Let b = 20 + -6. What is the highest common factor of i and b?
14
Suppose 5*o + 0 = 3*x + 14, 4*o = 16. Suppose 3*l + 214 = n - x*l, -3*l = n - 230. What is the greatest common factor of 28 and n?
28
Let a be 0 - -4*(2 + -1). Suppose -a*f + 62 = 5*h - 142, 240 = 4*f - 4*h. Let g = 5464 + -5456. What is the highest common factor of f and g?
8
Let w(v) = v**3 + 7*v**2 - 3*v - 5. Let f be -5 + -2 - (-1 - -1). Let z be w(f). Calculate the greatest common divisor of 40 and z.
8
Let f be 9/(-18)*(-103 - -3)/2. Calculate the highest common factor of 575 and f.
25
Let m(r) = 16*r - 91. Let h be m(6). Suppose 3*s - 4*s = -39. Suppose -5*i - 3*c + s = -2*i, h*i - 5*c = 45. What is the highest common factor of 11 and i?
11
Let t(v) = -1. Let w(f) = -146*f**2 - 2*f + 5. Let x(a) = -4*t(a) - w(a). Let j be x(1). Suppose -j = -5*g + 18. What is the highest common factor of 11 and g?
11
Let d be 1/3 - ((-480)/18 + 5). Let r be 1/(-1) + 168/3. Calculate the greatest common divisor of d and r.
11
Let z = -770 + 839. Calculate the highest common divisor of 46 and z.
23
Suppose -2*v = -0*v - 14. Let d(s) = -9*s + 93. Suppose -46 + 19 = -3*r - 3*m, 5*r - 44 = -4*m. Let c be d(r). What is the greatest common divisor of v and c?
7
Let x be 2/8 + (8019/(-44))/(-27). What is the highest common factor of x and 91?
7
Let f = -197 - -924. Let z = f - 275. Suppose 4*q = d + 349, -4*d + 0*d + z = 5*q. What is the highest common factor of 8 and q?
8
Suppose 2*y + 21 = 2*z - 163, 0 = 3*z + 5*y - 292. Calculate the highest common factor of z and 1786.
94
Let t be (-4)/26 - 533/(-169). Suppose -t*d = d. Suppose b - 22 - 6 = d. What is the greatest common divisor of b and 70?
14
Let a be (5 - 1)/(-1) - (-57810)/141. Calculate the greatest common divisor of a and 14.
14
Let x = -582 + 607. What is the greatest common divisor of x and 125?
25
Suppose 0*u = -3*u - 5*s + 22, 0 = 3*u + 2*s - 25. Let n = 146 - 73. Let j = n - 37. What is the highest common divisor of j and u?
9
Let l(m) = -m**3 + 14*m**2 - 7*m - 43. Let f be l(10). What is the highest common factor of 246 and f?
41
Let h = -66 + 76. Let w(p) = -p**3 + 10*p**2 + 3*p - 21. Let c be w(h). What is the highest common divisor of c and 1?
1
Let t(v) = 2*v - 16. Suppose 0 = 3*r - 0*r - 39. Let a be t(r). Suppose -5*m + 21 = -4. What is the greatest common divisor of m and a?
5
Let c(y) = 19*y**2 + 5*y + 6. Let j be c(-1). What is the highest common factor of 20 and j?
20
Let l = -49 - -30. Let z = l - -40. What is the greatest common divisor of 189 and z?
21
Let c = -42 - -141. Let q be 6/4*(-4)/6. Let i = q + 12. What is the greatest common factor of c and i?
11
Let y(o) = 11*o + 18. Let s be y(5). What is the greatest common factor of 584 and s?
73
Suppose 3*f = 2*f + 5*o - 7, -5*f + 3*o = 35. Let i be (4/5)/(4/(-70)*f). What is the greatest common divisor of i and 14?
2
Let r be (9/18)/((-2)/24). Let j be 2 + 22 - 24/r. Let z = 99 + -57. What is the highest common divisor of j and z?
14
Let m = 6701 - 6624. Let c(g) = 2*g**3 - 3*g**2 + 3*g - 3. Let h be c(2). What is the greatest common factor of m and h?
7
Suppose -3*h + h = -6. Suppose 0 = j + h*j - 28. What is the highest common factor of 77 and j?
7
Suppose -4*n - 30 = -2*b, 0*n + 60 = 5*b + 5*n. Suppose b*k = 4*k + 45. Let s = 115 - 60. Calculate the highest common divisor of k and s.
5
Let j(l) = -49*l - 1. Let n be j(-1). Calculate the highest common divisor of n and 128.
16
Let o be -16*(-7)/14 + 98. Calculate the highest common divisor of 583 and o.
53
Suppose 83 + 67 = 3*u - g, 230 = 5*u + 5*g. Suppose 511 = 12*s + 78*s - 17*s. What is the greatest common divisor of u and s?
7
Suppose -63 = 3*t - 180. Calculate the greatest common divisor of t and 52.
13
Let g = 70 + -65. Suppose g*u = -q + 29, -155 + 3 = -3*q - 2*u. Calculate the highest common factor of q and 54.
54
Suppose r - 2*c - 14 = 34, 3*c = 3*r - 153. Calculate the highest common divisor of 108 and r.
54
Let a = -238 + 242. What is the highest common divisor of 10 and a?
2
Suppose -1301 = -27*c - 5. Calculate the highest com